r?
True
Is 18212719 a composite number?
True
Is 92166713 composite?
False
Is 196048807 prime?
True
Is 3385399 a composite number?
False
Is 380059 a prime number?
True
Is 281845 a composite number?
True
Is 1057939771 prime?
False
Is 6801163 prime?
False
Is 428835145 prime?
False
Is 45413 prime?
True
Is 143211487 a prime number?
True
Is 184232089 a composite number?
True
Is 873437 a composite number?
False
Is 387263 composite?
False
Is 5806469 a composite number?
True
Is 4573321 prime?
True
Is 20563 prime?
True
Is 1377083 a prime number?
False
Is 80561 composite?
True
Is 322837 a composite number?
True
Is 67963003 a composite number?
False
Is 871487 prime?
False
Is 123485701 a prime number?
True
Is 1284709 a prime number?
True
Is 52762933 prime?
False
Is 15517223 a prime number?
True
Is 3134363 a prime number?
False
Is 26038153 composite?
False
Is 21609158 composite?
True
Is 30333713 prime?
False
Is 2414717 a prime number?
True
Is 10235185 a composite number?
True
Is 39072199 prime?
False
Is 36970363 a prime number?
False
Is 9956867 a prime number?
True
Is 2704127 a prime number?
True
Is 132343201 composite?
False
Is 2913793 a composite number?
True
Is 9690451 prime?
True
Is 301531621 prime?
True
Is 5262923 a prime number?
True
Is 1876433 prime?
False
Is 1988817 a prime number?
False
Is 277349087 composite?
False
Is 7928287 a composite number?
True
Is 50972569 composite?
True
Is 4282687 prime?
False
Is 1089380773 a prime number?
False
Is 920197 a prime number?
True
Is 2320181 composite?
True
Is 1061047 composite?
True
Is 12440651 a prime number?
False
Is 30516389 composite?
False
Is 102409453 a composite number?
False
Is 20083627 composite?
True
Is 171077 composite?
False
Is 7410517 a composite number?
False
Is 9684879 a composite number?
True
Is 48745889 a prime number?
True
Is 3864739 prime?
False
Is 14047673 a prime number?
True
Is 12457433 a prime number?
False
Is 361271 composite?
False
Is 8235371 a composite number?
False
Is 1324261 a composite number?
False
Is 1249377 composite?
True
Is 2476049 composite?
True
Is 54078833 a prime number?
True
Is 2058299 a composite number?
False
Is 3685895 composite?
True
Is 207357817 prime?
False
Is 4108451 a prime number?
True
Is 2128234 composite?
True
Is 3010807 a composite number?
False
Is 4076143 a composite number?
False
Is 51644251 composite?
False
Is 5240399 a composite number?
False
Is 178454761 a composite number?
False
Is 2866801 a composite number?
True
Is 6867613 a prime number?
True
Is 9793513 prime?
False
Is 12010739 prime?
False
Is 517949 a prime number?
True
Is 10400093 prime?
False
Is 4807221 a composite number?
True
Is 4528387 a prime number?
False
Is 33763 a composite number?
True
Is 15287269 a prime number?
True
Is 233591 a composite number?
False
Is 368572031 a prime number?
True
Is 2367733 a prime number?
False
Is 4114094 a prime number?
False
Is 392008927 prime?
False
Is 25702585 prime?
False
Is 774831 composite?
True
Is 63310942 prime?
False
Is 188249 a composite number?
False
Is 15396482 a prime number?
False
Is 1802077 a composite number?
False
Is 145070983 a prime number?
False
Is 508777 a composite number?
True
Is 2664269 prime?
False
Is 457973 a prime number?
False
Is 175445759 a prime number?
False
Is 39368129 composite?
True
Is 14444383 composite?
False
Is 2092369 a prime number?
True
Is 98054809 a prime number?
True
Is 62764049 composite?
True
Is 51335971 a prime number?
False
Is 120350413 a prime number?
True
Is 69680363 a prime number?
False
Is 463751039 prime?
True
Is 35344511 prime?
False
Is 44920459 composite?
False
Is 4827007 composite?
True
Is 2033297 prime?
False
Is 2451233 prime?
True
Is 3576459 prime?
False
Is 1493267 a composite number?
True
Is 1318579 prime?
True
Is 1251899 prime?
False
Is 11444509 a prime number?
True
Is 3634431 prime?
False
Is 411821 prime?
True
Is 6159103 a composite number?
False
Is 387643 a prime number?
False
Is 1945123 prime?
False
Is 1889573 a prime number?
False
Is 146611 a prime number?
False
Is 84637529 a prime number?
True
Is 53219101 a composite number?
True
Is 1888639 a prime number?
False
Is 241401187 composite?
False
Is 4453121 a composite number?
False
Is 22515331 a prime number?
False
Is 384013558 a prime number?
False
Is 17186929 prime?
True
Is 475291 composite?
True
Is 599938 a composite number?
True
Is 24645241 composite?
False
Is 1889461 a prime number?
False
Is 64553221 composite?
False
Is 107753479 prime?
True
Is 1402147 prime?
True
Is 81188563 a prime number?
True
Is 337933657 a prime number?
True
Is 36501809 composite?
True
Is 478339 prime?
True
Is 143959051 a composite number?
False
Is 94474235 prime?
False
Is 47242631 a composite number?
False
Is 3804419 prime?
True
Is 355577611 composite?
True
Is 32752173 prime?
False
Is 791347 prime?
True
Is 153771511 a composite number?
True
Is 39134863 a composite number?
True
Is 4125701 a prime number?
False
Is 32144797 prime?
True
Is 675641 composite?
True
Is 1718653 prime?
True
Is 637845161 a composite number?
True
Is 129589169 a composite number?
False
Is 246196047 a composite number?
True
Is 15393899 a composite number?
True
Is 6657349 prime?
True
Is 981091 a composite number?
False
Is 11919734 a composite number?
True
Is 11857247 composite?
True
Is 1283143 a prime number?
False
Is 62108071 a prime number?
False
Is 1754113 a prime number?
True
Is 32347607 composite?
False
Is 5382067 composite?
True
Is 66903241 a composite number?
True
Is 7034701 prime?
True
Is 1778513 prime?
False
Is 15868583 composite?
False
Is 175877867 composite?
True
Is 1145281 composite?
False
Is 435415018 prime?
False
Is 22872719 a composite number?
True
Is 371539919 prime?
False
Is 71479159 a composite number?
True
Is 3502117 a composite number?
False
Is 84110581 composite?
True
Is 315116281 a prime number?
True
Is 2051249 composite?
False
Is 23987179 composite?
False
Is 4283679 composite?
True
Is 3555563 composite?
True
Is 1112863 composite?
True
Is 352813 prime?
True
Is 501517033 prime?
True
Is 8445433 composite?
False
Is 575478557 a composite number?
False
Is 17616559 composite?
False
Is 13461119 composite?
True
Is 17505286 prime?
False
Is 2600222 prime?
False
Is 699101 composite?
True
Is 805385369 a composite number?
False
Is 473539 a composite number?
True
Is 3360649 a composite number?
False
Is 366809 a composite number?
True
Is 125389 a prime number?
False
Is 744703 prime?
False
Is 133907083 a composite number?
False
Is 190704859 a composite number?
False
Is 9423569 a prime number?
True
Is 1087661 a prime number?
False
Is 90586567 composite?
False
Is 78183857 a composite number?
False
Is 6456847 prime?
False
Is 4999799 a prime number?
False
Is 1299751 a composite number?
True
Is 5957881 a composite number?
False
Is 269359 prime?
False
Is 4333507 composite?
False
Is 1418843 a composite number?
True
Is 5122319 a composite number?
True
Is 50502381 composite?
True
Is 87060539 a prime number?
True
Is 37951 a composite number?
False
Is 1030091 composite?
False
Is 7229917 prime?
False
Is 243213199 a prime number?
True
Is 26115874 a prime number?
False
Is 50772187 a composite number?
True
Is 279027897 a composite number?
True
Is 28600967 prime?
True
Is 5434945 composite?
True
Is 3538069 a prime number?
False
Is 14709299 prime?
False
Is 835949 prime?
False
Is 499099 composite?
False
Is 8932577 composite?
True
Is 10250333 a prime number?
False
Is 21247727 a composite number?
False
Is 8350841 a prime number?
True
Is 268848753 a composite number?
True
Is 7325443 composite?
False
Is 1708327 a prime number?
False
Is 4337063 a composite number?
False
Is 34295743 composite?
False
Is 1701151 composite?
False
Is 633657113 a prime number?
True
Is 28901 prime?
True
Is 24201529 prime?
False
Is 37802071 composite?
False
Is 7842613 a composite number?
True
Is 85468399 composite?
False
Is 5926771 a composite number?
True
Is 16368886 composite?
True
Is 3202883 a composite number?
False
Is 3281021 composite?
False
Is 161548609 a prime number?
True
Is 136562 composite?
True
Is 1115662 prime?
False
Is 161726549 a composite number?
False
Is 2487279 a prime number?
False
Is 96350389 composite?
False
Is 16086263 a prime number?
False
Is 857809 a prime number?
True
Is 118689367 a prime number?
False
Is 402542593 a compo